{"id":2733,"date":"2013-09-30T16:15:39","date_gmt":"2013-09-30T14:15:39","guid":{"rendered":"https:\/\/parasol-sps.com\/?page_id=2733"},"modified":"2013-09-30T16:15:39","modified_gmt":"2013-09-30T14:15:39","slug":"companhia","status":"publish","type":"page","link":"https:\/\/parasol-sps.com\/pt-pt\/companhia\/","title":{"rendered":"A Companhia"},"content":{"rendered":"<p>SPS, Sistemas de Protecci\u00f3n Solar, S.L \u00e9 uma empresa dedicada \u00e0 fabrica\u00e7\u00e3o e comercializa\u00e7\u00e3o de todos os tipos de guarda-s\u00f3is e acess\u00f3rios. Centrando-se em grandes guarda-s\u00f3is concebidos para resolver espa\u00e7os de lazer ao ar livre.<\/p>\n<p>A empresa iniciou a sua actividade em 1997 em Sarral, marcando objetivos do projeto &#8211; qualidade &#8211; servi\u00e7o, e gra\u00e7as aos esfor\u00e7os da equipe que comp\u00f5e, SPS \u00e9 hoje uma marca que est\u00e3o bem posicionados em expans\u00e3o nacional e internacional.<\/p>\n<h2>N\u00f3s fabricamos<\/h2>\n<p>Somos fabricantes de guarda-s\u00f3is, nosso objetivo \u00e9 oferecer design, qualidade e servi\u00e7o proporcionando mais conforto em espa\u00e7os ao ar livre. N\u00f3s presentamos produto uma atraente, pr\u00e1tico e indispens\u00e1vel para as demandas de hoje.<\/p>\n<h2>Evolu\u00e7\u00e3o<\/h2>\n<p>Na SPS, n\u00f3s nos esfor\u00e7amos para desenvolver novas tecnologias para a aplica\u00e7\u00e3o de melhoria cont\u00ednua na fabrica\u00e7\u00e3o de nossos produtos, consolidando a cada dia no mercado interno e abrir novos horizontes no cen\u00e1rio internacional.<\/p>\n<h2>Satisfa\u00e7\u00e3o<\/h2>\n<p>Nosso objetivo \u00e9 atender as necessidades de nossos clientes, oferecendo um excelente servi\u00e7o com um simp\u00e1tico e profissional.<\/p>\n","protected":false},"excerpt":{"rendered":"<p>SPS, Sistemas de Protecci\u00f3n Solar, S.L \u00e9 uma empresa dedicada \u00e0 fabrica\u00e7\u00e3o e comercializa\u00e7\u00e3o de todos os tipos de guarda-s\u00f3is e acess\u00f3rios. Centrando-se em grandes guarda-s\u00f3is concebidos para resolver espa\u00e7os de lazer ao ar livre. A empresa iniciou a sua actividade em 1997 em Sarral, marcando objetivos do projeto &#8211; qualidade &#8211; servi\u00e7o, e gra\u00e7as [&hellip;]<\/p>\n","protected":false},"author":1,"featured_media":0,"parent":0,"menu_order":3,"comment_status":"open","ping_status":"closed","template":"","meta":{"_exactmetrics_skip_tracking":false,"_exactmetrics_sitenote_active":false,"_exactmetrics_sitenote_note":"","_exactmetrics_sitenote_category":0,"footnotes":""},"class_list":["post-2733","page","type-page","status-publish","hentry"],"yoast_head":"<!-- This site is optimized with the Yoast SEO plugin v27.4 - https:\/\/yoast.com\/product\/yoast-seo-wordpress\/ -->\n<title>A Companhia - SPS, Sistemas de Protecci\u00f3n Solar \u00b7 Parasoles y Sombrillas<\/title>\n<meta name=\"description\" content=\"SPS, Sistemas de Protecci\u00f3n Solar, S.L \u00e9 uma empresa dedicada \u00e0 fabrica\u00e7\u00e3o e comercializa\u00e7\u00e3o de todos os tipos de guarda-s\u00f3is e acess\u00f3rios. Centrando-se\" \/>\n<meta name=\"robots\" content=\"index, follow, max-snippet:-1, max-image-preview:large, max-video-preview:-1\" \/>\n<link rel=\"canonical\" href=\"https:\/\/parasol-sps.com\/pt-pt\/companhia\/\" \/>\n<meta property=\"og:locale\" content=\"pt_PT\" \/>\n<meta property=\"og:type\" content=\"article\" \/>\n<meta property=\"og:title\" content=\"A Companhia - SPS, Sistemas de Protecci\u00f3n Solar \u00b7 Parasoles y Sombrillas\" \/>\n<meta property=\"og:description\" content=\"SPS, Sistemas de Protecci\u00f3n Solar, S.L \u00e9 uma empresa dedicada \u00e0 fabrica\u00e7\u00e3o e comercializa\u00e7\u00e3o de todos os tipos de guarda-s\u00f3is e acess\u00f3rios. Centrando-se\" \/>\n<meta property=\"og:url\" content=\"https:\/\/parasol-sps.com\/pt-pt\/companhia\/\" \/>\n<meta property=\"og:site_name\" content=\"SPS, Sistemas de Protecci\u00f3n Solar \u00b7 Parasoles y Sombrillas\" \/>\n<meta name=\"twitter:label1\" content=\"Tempo estimado de leitura\" \/>\n\t<meta name=\"twitter:data1\" content=\"1 minuto\" \/>\n<script type=\"application\/ld+json\" class=\"yoast-schema-graph\">{\"@context\":\"https:\\\/\\\/schema.org\",\"@graph\":[{\"@type\":\"WebPage\",\"@id\":\"https:\\\/\\\/parasol-sps.com\\\/pt-pt\\\/companhia\\\/\",\"url\":\"https:\\\/\\\/parasol-sps.com\\\/pt-pt\\\/companhia\\\/\",\"name\":\"A Companhia - SPS, Sistemas de Protecci\u00f3n Solar \u00b7 Parasoles y Sombrillas\",\"isPartOf\":{\"@id\":\"https:\\\/\\\/parasol-sps.com\\\/fr\\\/#website\"},\"datePublished\":\"2013-09-30T14:15:39+00:00\",\"description\":\"SPS, Sistemas de Protecci\u00f3n Solar, S.L \u00e9 uma empresa dedicada \u00e0 fabrica\u00e7\u00e3o e comercializa\u00e7\u00e3o de todos os tipos de guarda-s\u00f3is e acess\u00f3rios. Centrando-se\",\"inLanguage\":\"pt-PT\",\"potentialAction\":[{\"@type\":\"ReadAction\",\"target\":[\"https:\\\/\\\/parasol-sps.com\\\/pt-pt\\\/companhia\\\/\"]}]},{\"@type\":\"WebSite\",\"@id\":\"https:\\\/\\\/parasol-sps.com\\\/fr\\\/#website\",\"url\":\"https:\\\/\\\/parasol-sps.com\\\/fr\\\/\",\"name\":\"SPS, Sistemas de Protecci\u00f3n Solar \u00b7 Parasoles y Sombrillas\",\"description\":\"Fabricantes de parasoles de grandes dimensiones desde 1997\",\"potentialAction\":[{\"@type\":\"SearchAction\",\"target\":{\"@type\":\"EntryPoint\",\"urlTemplate\":\"https:\\\/\\\/parasol-sps.com\\\/fr\\\/?s={search_term_string}\"},\"query-input\":{\"@type\":\"PropertyValueSpecification\",\"valueRequired\":true,\"valueName\":\"search_term_string\"}}],\"inLanguage\":\"pt-PT\"}]}<\/script>\n<!-- \/ Yoast SEO plugin. -->","yoast_head_json":{"title":"A Companhia - SPS, Sistemas de Protecci\u00f3n Solar \u00b7 Parasoles y Sombrillas","description":"SPS, Sistemas de Protecci\u00f3n Solar, S.L \u00e9 uma empresa dedicada \u00e0 fabrica\u00e7\u00e3o e comercializa\u00e7\u00e3o de todos os tipos de guarda-s\u00f3is e acess\u00f3rios. Centrando-se","robots":{"index":"index","follow":"follow","max-snippet":"max-snippet:-1","max-image-preview":"max-image-preview:large","max-video-preview":"max-video-preview:-1"},"canonical":"https:\/\/parasol-sps.com\/pt-pt\/companhia\/","og_locale":"pt_PT","og_type":"article","og_title":"A Companhia - SPS, Sistemas de Protecci\u00f3n Solar \u00b7 Parasoles y Sombrillas","og_description":"SPS, Sistemas de Protecci\u00f3n Solar, S.L \u00e9 uma empresa dedicada \u00e0 fabrica\u00e7\u00e3o e comercializa\u00e7\u00e3o de todos os tipos de guarda-s\u00f3is e acess\u00f3rios. Centrando-se","og_url":"https:\/\/parasol-sps.com\/pt-pt\/companhia\/","og_site_name":"SPS, Sistemas de Protecci\u00f3n Solar \u00b7 Parasoles y Sombrillas","twitter_misc":{"Tempo estimado de leitura":"1 minuto"},"schema":{"@context":"https:\/\/schema.org","@graph":[{"@type":"WebPage","@id":"https:\/\/parasol-sps.com\/pt-pt\/companhia\/","url":"https:\/\/parasol-sps.com\/pt-pt\/companhia\/","name":"A Companhia - SPS, Sistemas de Protecci\u00f3n Solar \u00b7 Parasoles y Sombrillas","isPartOf":{"@id":"https:\/\/parasol-sps.com\/fr\/#website"},"datePublished":"2013-09-30T14:15:39+00:00","description":"SPS, Sistemas de Protecci\u00f3n Solar, S.L \u00e9 uma empresa dedicada \u00e0 fabrica\u00e7\u00e3o e comercializa\u00e7\u00e3o de todos os tipos de guarda-s\u00f3is e acess\u00f3rios. Centrando-se","inLanguage":"pt-PT","potentialAction":[{"@type":"ReadAction","target":["https:\/\/parasol-sps.com\/pt-pt\/companhia\/"]}]},{"@type":"WebSite","@id":"https:\/\/parasol-sps.com\/fr\/#website","url":"https:\/\/parasol-sps.com\/fr\/","name":"SPS, Sistemas de Protecci\u00f3n Solar \u00b7 Parasoles y Sombrillas","description":"Fabricantes de parasoles de grandes dimensiones desde 1997","potentialAction":[{"@type":"SearchAction","target":{"@type":"EntryPoint","urlTemplate":"https:\/\/parasol-sps.com\/fr\/?s={search_term_string}"},"query-input":{"@type":"PropertyValueSpecification","valueRequired":true,"valueName":"search_term_string"}}],"inLanguage":"pt-PT"}]}},"_links":{"self":[{"href":"https:\/\/parasol-sps.com\/pt-pt\/wp-json\/wp\/v2\/pages\/2733","targetHints":{"allow":["GET"]}}],"collection":[{"href":"https:\/\/parasol-sps.com\/pt-pt\/wp-json\/wp\/v2\/pages"}],"about":[{"href":"https:\/\/parasol-sps.com\/pt-pt\/wp-json\/wp\/v2\/types\/page"}],"author":[{"embeddable":true,"href":"https:\/\/parasol-sps.com\/pt-pt\/wp-json\/wp\/v2\/users\/1"}],"replies":[{"embeddable":true,"href":"https:\/\/parasol-sps.com\/pt-pt\/wp-json\/wp\/v2\/comments?post=2733"}],"version-history":[{"count":0,"href":"https:\/\/parasol-sps.com\/pt-pt\/wp-json\/wp\/v2\/pages\/2733\/revisions"}],"wp:attachment":[{"href":"https:\/\/parasol-sps.com\/pt-pt\/wp-json\/wp\/v2\/media?parent=2733"}],"curies":[{"name":"wp","href":"https:\/\/api.w.org\/{rel}","templated":true}]}}

<p>SPS, Sistemas de Protección Solar, S.L é uma empresa dedicada à fabricação e comercialização de todos os tipos de guarda-sóis e acessórios. Centrando-se em grandes guarda-sóis concebidos para resolver espaços de lazer ao ar livre.</p>
<p>A empresa iniciou a sua actividade em 1997 em Sarral, marcando objetivos do projeto &#8211; qualidade &#8211; serviço, e graças aos esforços da equipe que compõe, SPS é hoje uma marca que estão bem posicionados em expansão nacional e internacional.</p>
<h2>Nós fabricamos</h2>
<p>Somos fabricantes de guarda-sóis, nosso objetivo é oferecer design, qualidade e serviço proporcionando mais conforto em espaços ao ar livre. Nós presentamos produto uma atraente, prático e indispensável para as demandas de hoje.</p>
<h2>Evolução</h2>
<p>Na SPS, nós nos esforçamos para desenvolver novas tecnologias para a aplicação de melhoria contínua na fabricação de nossos produtos, consolidando a cada dia no mercado interno e abrir novos horizontes no cenário internacional.</p>
<h2>Satisfação</h2>
<p>Nosso objetivo é atender as necessidades de nossos clientes, oferecendo um excelente serviço com um simpático e profissional.</p>

<p>SPS, Sistemas de Protección Solar, S.L é uma empresa dedicada à fabricação e comercialização de todos os tipos de guarda-sóis e acessórios. Centrando-se em grandes guarda-sóis concebidos para resolver espaços de lazer ao ar livre. A empresa iniciou a sua actividade em 1997 em Sarral, marcando objetivos do projeto &#8211; qualidade &#8211; serviço, e graças [&hellip;]</p>

<!-- This site is optimized with the Yoast SEO plugin v27.4 - https://yoast.com/product/yoast-seo-wordpress/ -->
<title>A Companhia - SPS, Sistemas de Protección Solar · Parasoles y Sombrillas</title>
<meta name="description" content="SPS, Sistemas de Protección Solar, S.L é uma empresa dedicada à fabricação e comercialização de todos os tipos de guarda-sóis e acessórios. Centrando-se" />
<meta name="robots" content="index, follow, max-snippet:-1, max-image-preview:large, max-video-preview:-1" />
<link rel="canonical" href="https://parasol-sps.com/pt-pt/companhia/" />
<meta property="og:locale" content="pt_PT" />
<meta property="og:type" content="article" />
<meta property="og:title" content="A Companhia - SPS, Sistemas de Protección Solar · Parasoles y Sombrillas" />
<meta property="og:description" content="SPS, Sistemas de Protección Solar, S.L é uma empresa dedicada à fabricação e comercialização de todos os tipos de guarda-sóis e acessórios. Centrando-se" />
<meta property="og:url" content="https://parasol-sps.com/pt-pt/companhia/" />
<meta property="og:site_name" content="SPS, Sistemas de Protección Solar · Parasoles y Sombrillas" />
<meta name="twitter:label1" content="Tempo estimado de leitura" />
	<meta name="twitter:data1" content="1 minuto" />
<script type="application/ld+json" class="yoast-schema-graph">{"@context":"https:\/\/schema.org","@graph":[{"@type":"WebPage","@id":"https:\/\/parasol-sps.com\/pt-pt\/companhia\/","url":"https:\/\/parasol-sps.com\/pt-pt\/companhia\/","name":"A Companhia - SPS, Sistemas de Protección Solar · Parasoles y Sombrillas","isPartOf":{"@id":"https:\/\/parasol-sps.com\/fr\/#website"},"datePublished":"2013-09-30T14:15:39+00:00","description":"SPS, Sistemas de Protección Solar, S.L é uma empresa dedicada à fabricação e comercialização de todos os tipos de guarda-sóis e acessórios. Centrando-se","inLanguage":"pt-PT","potentialAction":[{"@type":"ReadAction","target":["https:\/\/parasol-sps.com\/pt-pt\/companhia\/"]}]},{"@type":"WebSite","@id":"https:\/\/parasol-sps.com\/fr\/#website","url":"https:\/\/parasol-sps.com\/fr\/","name":"SPS, Sistemas de Protección Solar · Parasoles y Sombrillas","description":"Fabricantes de parasoles de grandes dimensiones desde 1997","potentialAction":[{"@type":"SearchAction","target":{"@type":"EntryPoint","urlTemplate":"https:\/\/parasol-sps.com\/fr\/?s={search_term_string}"},"query-input":{"@type":"PropertyValueSpecification","valueRequired":true,"valueName":"search_term_string"}}],"inLanguage":"pt-PT"}]}</script>
<!-- / Yoast SEO plugin. -->

A Companhia - SPS, Sistemas de Protección Solar · Parasoles y Sombrillas

SPS, Sistemas de Protección Solar, S.L é uma empresa dedicada à fabricação e comercialização de todos os tipos de guarda-sóis e acessórios. Centrando-se

SPS, Sistemas de Protección Solar · Parasoles y Sombrillas
